{"id":3570,"date":"2020-11-11T22:40:58","date_gmt":"2020-11-11T22:40:58","guid":{"rendered":"http:\/\/ubla.net\/?post_type=tribe_events&#038;p=3570"},"modified":"2020-11-17T19:32:10","modified_gmt":"2020-11-17T19:32:10","slug":"mision-discipulado-y-ciudad","status":"publish","type":"tribe_events","link":"https:\/\/ubla.online\/pt\/event\/mision-discipulado-y-ciudad\/","title":{"rendered":"Misi\u00f3n, Discipulado y Ciudad"},"content":{"rendered":"<p style=\"font-weight: 400;\">Realizamos la jornadas de reflexi\u00f3n teol\u00f3gica bajo el tema \u201cMisi\u00f3n, Discipulado y Ciudad Hoy\u201d, tuvimos la participaci\u00f3n de rectores, decanos, profesores de los Seminarios e Instituciones Teol\u00f3gicas de todo el continente. Fue un tiempo muy especial donde tuvimos la oportunidad de dialogar sobre los desaf\u00edos de la fe a la luz de esta pandemia, en virtud de las respuestas que como iglesia debemos de presentar. Una oportunidad para que desde la educaci\u00f3n teol\u00f3gica podamos acompa\u00f1ar a las iglesias, con programas y espacios que se desarrollen en actividades de acompa\u00f1amiento, consolidaci\u00f3n, espacios para tratar el duelo y fortalecer a quienes han perdido seres queridos. Fue una jornada con una duraci\u00f3n de 4 semanas y que congreg\u00f3 a m\u00e1s de 150 participantes.<\/p>\n","protected":false},"excerpt":{"rendered":"<p>Realizamos la jornadas de reflexi\u00f3n teol\u00f3gica bajo el tema \u201cMisi\u00f3n, Discipulado y Ciudad Hoy\u201d, tuvimos la participaci\u00f3n de rectores, decanos,&hellip;<\/p>\n","protected":false},"author":1,"featured_media":3571,"comment_status":"closed","ping_status":"closed","template":"","meta":{"ngg_post_thumbnail":0,"_tribe_events_status":"","_tribe_events_status_reason":""},"tags":[],"tribe_events_cat":[77],"_links":{"self":[{"href":"https:\/\/ubla.online\/pt\/wp-json\/wp\/v2\/tribe_events\/3570"}],"collection":[{"href":"https:\/\/ubla.online\/pt\/wp-json\/wp\/v2\/tribe_events"}],"about":[{"href":"https:\/\/ubla.online\/pt\/wp-json\/wp\/v2\/types\/tribe_events"}],"author":[{"embeddable":true,"href":"https:\/\/ubla.online\/pt\/wp-json\/wp\/v2\/users\/1"}],"replies":[{"embeddable":true,"href":"https:\/\/ubla.online\/pt\/wp-json\/wp\/v2\/comments?post=3570"}],"version-history":[{"count":2,"href":"https:\/\/ubla.online\/pt\/wp-json\/wp\/v2\/tribe_events\/3570\/revisions"}],"predecessor-version":[{"id":3576,"href":"https:\/\/ubla.online\/pt\/wp-json\/wp\/v2\/tribe_events\/3570\/revisions\/3576"}],"wp:featuredmedia":[{"embeddable":true,"href":"https:\/\/ubla.online\/pt\/wp-json\/wp\/v2\/media\/3571"}],"wp:attachment":[{"href":"https:\/\/ubla.online\/pt\/wp-json\/wp\/v2\/media?parent=3570"}],"wp:term":[{"taxonomy":"post_tag","embeddable":true,"href":"https:\/\/ubla.online\/pt\/wp-json\/wp\/v2\/tags?post=3570"},{"taxonomy":"tribe_events_cat","embeddable":true,"href":"https:\/\/ubla.online\/pt\/wp-json\/wp\/v2\/tribe_events_cat?post=3570"}],"curies":[{"name":"wp","href":"https:\/\/api.w.org\/{rel}","templated":true}]}}

Misión, Discipulado y Ciudad

<p style="font-weight: 400;">Realizamos la jornadas de reflexión teológica bajo el tema “Misión, Discipulado y Ciudad Hoy”, tuvimos la participación de rectores, decanos, profesores de los Seminarios e Instituciones Teológicas de todo el continente. Fue un tiempo muy especial donde tuvimos la oportunidad de dialogar sobre los desafíos de la fe a la luz de esta pandemia, en virtud de las respuestas que como iglesia debemos de presentar. Una oportunidad para que desde la educación teológica podamos acompañar a las iglesias, con programas y espacios que se desarrollen en actividades de acompañamiento, consolidación, espacios para tratar el duelo y fortalecer a quienes han perdido seres queridos. Fue una jornada con una duración de 4 semanas y que congregó a más de 150 participantes.</p>

<p>Realizamos la jornadas de reflexión teológica bajo el tema “Misión, Discipulado y Ciudad Hoy”, tuvimos la participación de rectores, decanos,&hellip;</p>
